 base 2
-1111
What is -9 (base 14) in base 8?
-11
-7 (base 8) to base 15
-7
Convert -7 (base 13) to base 2.
-111
Convert 17 (base 9) to base 15.
11
-3 (base 11) to base 3
-10
5a (base 15) to base 14
61
What is 4 (base 10) in base 6?
4
What is 330 (base 7) in base 2?
10101000
Convert 3 (base 9) to base 11.
3
What is 152 (base 8) in base 16?
6a
-20 (base 11) to base 7
-31
What is -7 (base 15) in base 10?
-7
-3 (base 13) to base 16
-3
What is -93 (base 11) in base 9?
-123
What is 132 (base 11) in base 16?
9c
What is -13 (base 13) in base 14?
-12
-3 (base 14) to base 8
-3
Convert be (base 16) to base 9.
231
What is 228 (base 9) in base 3?
20222
What is 7 (base 9) in base 12?
7
421 (base 8) to base 2
100010001
Convert 5 (base 16) to base 15.
5
5 (base 7) to base 10
5
What is -117 (base 10) in base 11?
-a7
What is -3 (base 6) in base 9?
-3
Convert -111 (base 6) to base 13.
-34
Convert 8 (base 16) to base 13.
8
What is 5b (base 12) in base 14?
51
Convert -9 (base 11) to base 6.
-13
-2 (base 13) to base 4
-2
What is 11001 (base 2) in base 13?
1c
What is cb (base 14) in base 8?
263
Convert 10000 (base 2) to base 12.
14
What is -11 (base 4) in base 9?
-5
What is -1 (base 4) in base 14?
-1
-2 (base 5) to base 14
-2
Convert 5 (base 14) to base 5.
10
Convert 3 (base 15) to base 3.
10
24 (base 11) to base 7
35
What is 1111111 (base 2) in base 11?
106
What is -7 (base 12) in base 15?
-7
Convert 9 (base 14) to base 3.
100
What is 4 (base 8) in base 5?
4
Convert 3 (base 9) to base 12.
3
Convert 55 (base 13) to base 8.
106
Convert 220 (base 5) to base 7.
114
-354 (base 6) to base 16
-8e
Convert 12 (base 9) to base 2.
1011
What is -9 (base 16) in base 3?
-100
Convert -18 (base 14) to base 6.
-34
10 (base 9) to base 12
9
-10 (base 5) to base 16
-5
What is -4 (base 11) in base 16?
-4
-8 (base 16) to base 12
-8
Convert -3 (base 11) to base 14.
-3
What is 9 (base 14) in base 16?
9
What is -1221 (base 4) in base 3?
-10220
-47 (base 16) to base 4
-1013
What is -16 (base 10) in base 9?
-17
5 (base 14) to base 5
10
1 (base 16) to base 12
1
What is 2 (base 13) in base 8?
2
What is 52 (base 9) in base 10?
47
Convert 0 (base 16) to base 13.
0
-27 (base 11) to base 16
-1d
What is -96 (base 11) in base 13?
-81
Convert -1342 (base 5) to base 9.
-266
Convert -100011011 (base 2) to base 10.
-283
-123 (base 4) to base 2
-11011
What is 1 (base 15) in base 4?
1
What is 1 (base 10) in base 3?
1
-10100 (base 2) to base 5
-40
101 (base 2) to base 10
5
Convert 15 (base 7) to base 10.
12
0 (base 14) to base 9
0
25 (base 12) to base 3
1002
Convert -353 (base 7) to base 10.
-185
54 (base 10) to base 2
110110
What is 11010 (base 3) in base 5?
421
Convert 10 (base 3) to base 12.
3
-2 (base 5) to base 6
-2
7 (base 11) to base 5
12
What is -13 (base 5) in base 10?
-8
Convert 7 (base 11) to base 13.
7
Convert 3 (base 10) to base 13.
3
Convert -2 (base 6) to base 12.
-2
What is 4 (base 13) in base 15?
4
Convert -6 (base 15) to base 8.
-6
-53 (base 6) to base 11
-30
22 (base 14) to base 4
132
2 (base 16) to base 8
2
102 (base 3) to base 13
b
0 (base 15) to base 11
0
-7 (base 11) to base 5
-12
Convert 1 (base 5) to base 16.
1
-65 (base 8) to base 2
-110101
42 (base 9) to base 10
38
Convert -31 (base 5) to base 3.
-121
What is 23 (base 6) in base 13?
12
-3 (base 16) to base 5
-3
Convert -1 (base 8) to base 11.
-1
Convert 14 (base 9) to base 5.
23
What is 1020 (base 3) in base 4?
201
1 (base 13) to base 14
1
Convert 4 (base 7) to base 14.
4
Convert 74 (base 10) to base 14.
54
13 (base 4) to base 6
11
What is -212 (base 3) in base 16?
-17
-31 (base 10) to base 4
-133
3 (base 14) to base 15
3
Convert -41 (base 6) to base 8.
-31
Convert 0 (base 8) to base 5.
0
-13 (base 12) to base 3
-120
Convert -1 (base 9) to base 5.
-1
Convert -389 (base 10) to base 14.
-1db
Convert -10 (base 2) to base 10.
-2
What is 2 (base 11) in base 5?
2
What is 3 (base 16) in base 8?
3
What is 1012 (base 3) in base 2?
100000
What is 11 (base 9) in base 13?
a
What is -20 (base 3) in base 9?
-6
Convert -7 (base 10) to base 3.
-21
Convert 2 (base 15) to base 7.
2
What is 20 (base 4) in base 9?
8
3 (base 4) to base 9
3
What is -30 (base 6) in base 15?
-13
6 (base 11) to base 10
6
Convert -652 (base 7) to base 14.
-199
What is -6 (base 16) in base 12?
-6
What is 0 (base 3) in base 13?
0
43 (base 6) to base 5
102
Convert 4 (base 15) to base 7.
4
What is 228 (base 9) in base 13?
116
What is -25 (base 6) in base 5?
-32
-10 (base 6) to base 12
-6
What is -2 (base 4) in base 10?
-2
-3 (base 14) to base 10
-3
What is -85 (base 14) in base 2?
-1110101
What is 104 (base 7) in base 13?
41
-42 (base 6) to base 13
-20
What is -2 (base 16) in base 12?
-2
Convert -3 (base 13) to base 6.
-3
What is 44 (base 12) in base 13?
40
What is -1 (base 9) in base 12?
-1
Convert 221 (base 8) to base 15.
9a
What is 11 (base 7) in base 11?
8
6 (base 12) to base 15
6
-7 (base 8) to base 2
-111
Convert 4 (base 15) to base 13.
4
What is -110 (base 4) in base 13?
-17
What is -251 (base 10) in base 14?
-13d
What is -116 (base 9) in base 2?
-1100000
3 (base 5) to base 3
10
What is 42 (base 9) in base 16?
26
Convert 1 (base 4) to base 2.
1
Convert -4 (base 5) to base 4.
-10
-2 (base 14) to base 4
-2
-2 (base 3) to base 12
-2
Convert -3a (base 11) to base 13.
-34
What is 0 (base 7) in base 14?
0
Convert -5 (base 15) to base 13.
-5
What is 1202 (base 3) in base 7?
65
What is 44 (base 8) in base 5?
121
What is 16 (base 10) in base 3?
121
Convert -123 (base 4) to base 11.
-25
Convert 12 (base 5) to base 6.
11
What is -10 (base 13) in base 15?
-d
4 (base 8) to base 2
100
6 (base 11) to base 8
6
1c (base 15) to base 9
30
-12e (base 15) to base 14
-153
What is -7 (base 14) in base 10?
-7
-7 (base 13) to base 2
-111
Convert 2 (base 5) to base 14.
2
What is 120 (base 4) in base 2?
11000
Convert 1023 (base 4) to base 7.
135
What is -1 (base 2) in base 5?
-1
What is -13 (base 8) in base 12?
-b
-1 (base 12) to base 8
-1
0 (base 15) to base 14
0
-2 (base 14) to base 5
-2
-1001 (base 4) to base 15
-45
What is 2002 (base 3) in base 16?
38
11 (base 6) to base 5
12
18 (base 16) to base 15
19
Convert 7 (base 10) to base 11.
7
Convert 3 (base 10) to base 13.
3
Convert 311 (base 7) to base 10.
155
Convert -10111 (base 2) to base 5.
-43
Convert -6c (base 14) to base 16.
-60
What is -10 (base 4) in base 12?
-4
-2a (base 13) to base 9
-40
-1 (base 12) to base 16
-1
-3 (base 5) to base 7
-3
-5 (base 12) to base 15
-5
Convert -14 (base 12) to base 8.
-20
What is -10 (base 7) in base 2?
-111
11 (base 10) to base 8
13
Convert -23 (base 5) to base 8.
-15
8 (base 12) to base 3
22
-20 (base 3) to base 10
-6
Convert -1 (base 7) to base 14.
-1
What is -9 (base 13) in base 8?
-11
What is 13 (base 5) in base 2?
1000
What is -9 (base 13) in base 12?
-9
-1 (base 3) to base 4
-1
Convert 8 (base 13) to base 5.
13
-21 (base 3) to base 12
-7
What is -20121 (base 3) in base 4?
-2302
What is 1011111 (base 2) in base 16?
5f
Convert -105 (base 14) to base 2.
-11001001
Convert 1101 (base 2) to base 10.
13
What is -25 (base 7) in base 4?
-103
Convert -1 (base 15) to base 14.
-1
What is 185 (base 10) in base 7?
353
a (base 16) to base 6
14
What is 12 (base 8) in base 5?
20
11 (base 11) to base 3
110
Convert 3 (base 16) to base 3.
10
What is -303 (base 4) in base 8?
-63
10 (base 2) to base 14
2
What is -13 (base 8) in base 13?
-b
Convert -120 (base 4) to base 10.
-24
Convert 19 (base 11) to base 15.
15
14 (base 10) to base 12
12
64 (base 7) to base 8
56
What is 2 (base 5) in base 8?
2
Convert 0 (base 12) to base 4.
0
13 (base 4) to base 13
7
Convert -5 (base 14) to base 9.
-5
What is -11 (base 12) in base 5?
-23
Convert 404 (base 5) to base 16.
68
Convert -5 (base 7) to base 16.
-5
What is 10 (base 6) in base 11?
6
-40 (base 11) to base 6
-112
What is -23 (base 14) in base 12?
-27
3 (base 7) to base 3
10
-8 (base 12) to base 15
-8
-2000 (base 4) to base 8
-200
Convert 33 (base 4) to base 3.
120
-22 (base 7) to base 13
-13
Convert 24 (base 13) to base 15.
20
1 (base 16) to base 10
1
Convert -31 (base 15) to base 13.
-37
Convert -3 (base 12) to base 4.
-3
57 (base 15) to base 6
214
-2 (base 4) to base 6
-2
Convert 2 (base 6) to base 9.
2
Convert 1100 (base 2) to base 6.
20
What is -231 (base 9) in base 6?
-